 factor of 585 and 135?
45
Calculate the greatest common divisor of 224 and 32.
32
Calculate the greatest common divisor of 2509 and 26.
13
Calculate the greatest common divisor of 70 and 160.
10
Calculate the greatest common factor of 423 and 54.
9
What is the greatest common divisor of 18 and 795?
3
What is the greatest common divisor of 27 and 52704?
27
Calculate the highest common divisor of 63 and 1596.
21
Calculate the highest common divisor of 1674 and 216.
54
Calculate the greatest common factor of 3588 and 208.
52
What is the greatest common divisor of 550 and 14080?
110
What is the highest common factor of 8 and 184?
8
Calculate the greatest common factor of 36 and 564.
12
What is the highest common factor of 88 and 352?
88
Calculate the greatest common factor of 208 and 221.
13
Calculate the highest common factor of 210 and 240.
30
Calculate the highest common divisor of 1278 and 18.
18
Calculate the greatest common factor of 97 and 1067.
97
What is the highest common divisor of 3211 and 19?
19
Calculate the highest common factor of 799 and 17.
17
What is the highest common factor of 12 and 114?
6
Calculate the highest common divisor of 14 and 38.
2
Calculate the highest common divisor of 194 and 3201.
97
Calculate the highest common divisor of 83 and 1245.
83
Calculate the greatest common divisor of 44 and 6105.
11
Calculate the highest common divisor of 9 and 297.
9
What is the greatest common divisor of 63 and 273?
21
What is the greatest common factor of 120 and 800?
40
What is the highest common divisor of 24 and 19416?
24
Calculate the highest common factor of 168 and 14511.
21
Calculate the greatest common factor of 112 and 98.
14
Calculate the highest common divisor of 6645 and 15.
15
What is the highest common factor of 442 and 2108?
34
What is the greatest common factor of 624 and 96?
48
What is the highest common factor of 19 and 3211?
19
What is the highest common divisor of 48 and 64?
16
What is the greatest common factor of 62803 and 13?
13
What is the highest common divisor of 763 and 218?
109
What is the highest common factor of 546 and 3094?
182
What is the greatest common factor of 39884 and 118?
118
Calculate the highest common factor of 47 and 799.
47
Calculate the greatest common factor of 15405 and 390.
195
What is the greatest common divisor of 32 and 20576?
32
What is the highest common factor of 364 and 2457?
91
Calculate the highest common divisor of 19 and 20843.
19
Calculate the greatest common factor of 26 and 273.
13
Calculate the highest common divisor of 38 and 703.
19
Calculate the highest common factor of 2 and 24.
2
What is the greatest common factor of 2397 and 141?
141
What is the highest common factor of 345 and 69?
69
Calculate the greatest common factor of 168 and 861.
21
What is the greatest common divisor of 1717 and 119?
17
What is the greatest common divisor of 4 and 15?
1
Calculate the highest common divisor of 403 and 39.
13
Calculate the greatest common factor of 70 and 30.
10
Calculate the highest common factor of 23 and 31211.
23
Calculate the highest common divisor of 10 and 2760.
10
Calculate the highest common divisor of 1 and 1.
1
Calculate the greatest common divisor of 14421 and 44.
11
What is the highest common factor of 79 and 2291?
79
What is the highest common divisor of 704 and 264?
88
What is the highest common factor of 45 and 4055?
5
Calculate the greatest common factor of 3417 and 102.
51
Calculate the highest common factor of 81 and 12.
3
Calculate the highest common factor of 28 and 2758.
14
Calculate the highest common divisor of 306 and 216.
18
What is the greatest common factor of 9 and 270?
9
Calculate the greatest common factor of 17 and 2006.
17
What is the highest common factor of 75 and 30?
15
What is the highest common factor of 13302 and 6?
6
What is the highest common divisor of 78 and 48?
6
Calculate the greatest common divisor of 193 and 4.
1
Calculate the greatest common factor of 4530 and 10.
10
Calculate the highest common divisor of 40 and 270.
10
What is the highest common factor of 4578 and 189?
21
Calculate the highest common divisor of 1269 and 3.
3
What is the greatest common factor of 1305 and 45?
45
Calculate the greatest common divisor of 60 and 100.
20
What is the greatest common factor of 275 and 75?
25
What is the greatest common factor of 85 and 34?
17
Calculate the greatest common factor of 5892 and 12.
12
What is the highest common factor of 80 and 840?
40
Calculate the greatest common factor of 64 and 368.
16
What is the greatest common divisor of 12423 and 123?
123
What is the highest common divisor of 882 and 98?
98
Calculate the highest common divisor of 370 and 10.
10
What is the highest common divisor of 490 and 210?
70
Calculate the highest common factor of 78 and 650.
26
What is the highest common factor of 167 and 1?
1
What is the greatest common factor of 10 and 18?
2
What is the greatest common divisor of 20 and 1220?
20
What is the highest common factor of 162 and 768?
6
What is the greatest common factor of 171 and 18?
9
What is the greatest common divisor of 84 and 108?
12
Calculate the greatest common factor of 279 and 1488.
93
Calculate the greatest common factor of 198 and 1287.
99
What is the greatest common divisor of 36 and 32?
4
What is the greatest common divisor of 16541 and 238?
119
What is the greatest common factor of 17 and 1139?
17
Calculate the highest common factor of 44 and 550.
22
Calculate the highest common factor of 2183 and 59.
59
Calculate the greatest common divisor of 81 and 1.
1
Calculate the greatest common factor of 88 and 12232.
88
What is the greatest common divisor of 40 and 52?
4
What is the highest common divisor of 68 and 561?
17
Calculate the greatest common divisor of 159 and 174.
3
What is the greatest common divisor of 1425 and 225?
75
What is the greatest common factor of 675 and 1200?
75
What is the highest common factor of 1184 and 64?
32
Calculate the highest common divisor of 36 and 24636.
12
What is the highest common factor of 147 and 98?
49
Calculate the highest common divisor of 31 and 6.
1
Calculate the greatest common divisor of 171 and 126.
9
What is the highest common divisor of 1020 and 240?
60
What is the highest common factor of 462 and 12672?
66
Calculate the highest common divisor of 325 and 100.
25
Calculate the highest common divisor of 13 and 3133.
13
What is the highest common divisor of 237 and 96?
3
Calculate the highest common divisor of 8 and 8168.
8
What is the greatest common divisor of 23 and 437?
23
What is the highest common divisor of 170 and 1836?
34
Calculate the greatest common factor of 14 and 287.
7
Calculate the highest common divisor of 4 and 243.
1
Calculate the highest common divisor of 345 and 1265.
115
Calculate the highest common divisor of 90 and 840.
30
What is the highest common divisor of 63 and 1449?
63
What is the greatest common factor of 4 and 1352?
4
Calculate the greatest common factor of 3243 and 517.
47
Calculate the greatest common divisor of 376 and 3572.
188
What is the highest common factor of 49 and 6272?
49
What is the greatest common divisor of 4242 and 404?
202
What is the highest common factor of 12 and 5?
1
What is the greatest common divisor of 33 and 176?
11
Calculate the greatest common factor of 1624 and 168.
56
Calculate the highest common factor of 53 and 901.
53
Calculate the highest common factor of 65 and 26.
13
Calculate the highest common divisor of 1708 and 5612.
244
Calculate the highest common divisor of 496 and 155.
31
What is the greatest common divisor of 750 and 50?
50
What is the highest common divisor of 4384 and 2466?
274
Calculate the highest common divisor of 1043 and 7.
7
What is the greatest common factor of 11 and 55?
11
What is the greatest common factor of 11025 and 150?
75
What is the greatest common divisor of 3800 and 100?
100
Calculate the greatest common divisor of 40 and 12.
4
What is the greatest common divisor of 18 and 186?
6
Calculate the greatest common factor of 116 and 12.
4
What is the greatest common factor of 234 and 11817?
117
Calculate the greatest common divisor of 72 and 256.
8
What is the greatest common divisor of 356 and 8?
4
Calculate the highest common divisor of 1